a composite number?
False
Is 913928339 composite?
False
Is 64367613899 a composite number?
False
Is 2035661687 composite?
False
Is 132323909 prime?
True
Is 989484515 a prime number?
False
Is 13551967391 a prime number?
False
Is 52200473863 a prime number?
True
Is 7174235881 a prime number?
True
Is 14347317139 composite?
True
Is 6959113277 composite?
False
Is 648817859 a prime number?
True
Is 2200611079 a prime number?
True
Is 287200413035 composite?
True
Is 77432860559 a prime number?
True
Is 156923423 composite?
False
Is 318242154709 a prime number?
True
Is 14591875526 a composite number?
True
Is 15746025511 composite?
False
Is 2123313397 composite?
True
Is 15427475319 a prime number?
False
Is 298136506991 composite?
False
Is 11654601319 prime?
False
Is 5367579131 a composite number?
False
Is 41469650381 prime?
False
Is 13275968753 prime?
False
Is 723811337 a composite number?
False
Is 3521116999 a prime number?
False
Is 3782137915 a composite number?
True
Is 380013217 a composite number?
False
Is 1759232147 a composite number?
False
Is 32004828131 a composite number?
False
Is 1216815629 a composite number?
True
Is 516035627 composite?
False
Is 83563214327 prime?
False
Is 28021426049 a composite number?
False
Is 2761108773 prime?
False
Is 4901000479 a prime number?
True
Is 3401030327 a prime number?
False
Is 3190874419 prime?
False
Is 11224703011 prime?
True
Is 7835627 prime?
False
Is 1571732197 prime?
False
Is 181830529547 composite?
False
Is 884503517 prime?
True
Is 4152355573 prime?
True
Is 4978577 a composite number?
False
Is 8233935851 a composite number?
False
Is 138301741183 a prime number?
False
Is 559255303 composite?
True
Is 7877938063 composite?
True
Is 108526327345 prime?
False
Is 288834222961 prime?
False
Is 5440912079 composite?
False
Is 3233212421 a prime number?
True
Is 14753391151 a prime number?
True
Is 12821774387 a prime number?
True
Is 5513788583 a prime number?
True
Is 465648527 prime?
False
Is 901649669 composite?
False
Is 18344636465 a prime number?
False
Is 61253104489 a composite number?
True
Is 2717198669 prime?
True
Is 12199180673 composite?
True
Is 737708221 a prime number?
False
Is 606647831 a prime number?
True
Is 1565908711 composite?
False
Is 52275097697 composite?
True
Is 6695925053 prime?
True
Is 472378633 a composite number?
False
Is 73446909379 a prime number?
False
Is 10439383079 a prime number?
True
Is 5290448329 a composite number?
False
Is 395757218 a prime number?
False
Is 15958071611 composite?
False
Is 5511134803 a prime number?
True
Is 7449663077 a prime number?
False
Is 36388678555 prime?
False
Is 144695407 a composite number?
False
Is 67349486047 a prime number?
False
Is 5878098143 composite?
True
Is 1457117681 prime?
False
Is 33395122417 a composite number?
False
Is 269299007 prime?
True
Is 142354344713 composite?
True
Is 12184725599 a composite number?
True
Is 17967514349 composite?
False
Is 488778737 a prime number?
True
Is 15628137971 prime?
True
Is 89540647837 a composite number?
False
Is 160086094349 prime?
True
Is 392220307 composite?
False
Is 863513947 composite?
True
Is 78045708421 a prime number?
True
Is 5660054371 composite?
True
Is 6344996573 a prime number?
False
Is 1923611 prime?
True
Is 198184919 prime?
True
Is 285176597 a prime number?
False
Is 6501056261 composite?
True
Is 1321639379 a prime number?
False
Is 6440995397 a composite number?
False
Is 3186896291 composite?
True
Is 10598352713 a composite number?
True
Is 52373684819 prime?
False
Is 15028014461 a composite number?
True
Is 116553929 prime?
False
Is 138186037 a composite number?
True
Is 22284720193 a composite number?
False
Is 1416146419 a prime number?
False
Is 112652419913 a prime number?
False
Is 3453434497 a prime number?
True
Is 5626327255 a composite number?
True
Is 27012941587 prime?
True
Is 228363307 a composite number?
False
Is 20051807609 a prime number?
True
Is 75978031699 composite?
False
Is 100267663 a composite number?
False
Is 790175129 a composite number?
True
Is 53528178377 prime?
False
Is 26353160767 a prime number?
True
Is 3187033873 composite?
False
Is 13660964693 a prime number?
True
Is 96740125721 prime?
False
Is 608447939 a prime number?
False
Is 46448557 a composite number?
True
Is 6849375339 prime?
False
Is 1261030487 composite?
False
Is 3288799847 a prime number?
False
Is 34292097419 a composite number?
True
Is 69609505453 a composite number?
False
Is 29044423607 a composite number?
True
Is 4518542569 a composite number?
False
Is 1659090967 composite?
True
Is 22840628927 a composite number?
False
Is 1482729077 a composite number?
True
Is 135612853073 a prime number?
False
Is 3518992117 composite?
False
Is 4334414033 a prime number?
False
Is 5468477689 prime?
True
Is 538226827 prime?
False
Is 2041459859 composite?
True
Is 300688247 prime?
True
Is 2989689551 a prime number?
True
Is 25325452907 a composite number?
False
Is 431867713 prime?
True
Is 1773072493 a prime number?
False
Is 15410429 a prime number?
True
Is 31818039889 a prime number?
True
Is 13819587997 a prime number?
False
Is 27756859387 composite?
False
Is 12375143 a prime number?
False
Is 3777640351 composite?
True
Is 9458702049 composite?
True
Is 578641793 composite?
False
Is 7064055967 composite?
False
Is 769864807 composite?
False
Is 189607211 prime?
True
Is 207951806437 composite?
False
Is 310802318363 composite?
False
Is 1012034329 composite?
False
Is 23028147277 a composite number?
True
Is 504870377 composite?
True
Is 10672565609 prime?
False
Is 752125357 prime?
False
Is 1328202839 a prime number?
True
Is 2297248669 a composite number?
False
Is 6084564173 a composite number?
False
Is 144070677715 composite?
True
Is 314229787 prime?
True
Is 1680758767 a composite number?
True
Is 4713803009 a composite number?
False
Is 258201247 a prime number?
True
Is 23039330303 prime?
False
Is 6463126207 composite?
True
Is 306946319 prime?
True
Is 9821875309 prime?
True
Is 27207498889 composite?
True
Is 32618484905 a composite number?
True
Is 6111863897 a prime number?
True
Is 36337341111 a prime number?
False
Is 365935841 prime?
True
Is 365525023 a prime number?
True
Is 13474238431 a prime number?
False
Is 267576331 a composite number?
True
Is 38385071 composite?
True
Is 7553527607 prime?
True
Is 8772223061 composite?
True
Is 470331201 a composite number?
True
Is 513136681 a composite number?
False
Is 97757443 a composite number?
True
Is 196926343 prime?
False
Is 71911579169 composite?
False
Is 1040021371 prime?
False
Is 5370470254 composite?
True
Is 21529202791 prime?
True
Is 674723179 composite?
True
Is 1663889543 prime?
True
Is 57100691 a prime number?
False
Is 16637268055 a composite number?
True
Is 1072610171 composite?
True
Is 79803833 prime?
True
Is 675744323 a composite number?
True
Is 14169895849 a composite number?
False
Is 31447544027 prime?
False
Is 12585400159 composite?
True
Is 47648251877 prime?
True
Is 1691259043 a composite number?
False
Is 207256139 a composite number?
False
Is 458212621 a composite number?
True
Is 391073879965 composite?
True
Is 5824484221 prime?
True
Is 631909907 a prime number?
False
Is 104692014865 a composite number?
True
Is 1247501503 composite?
False
Is 12881856677 a prime number?
False
Is 1615046647 a composite number?
False
Is 606721859 prime?
False
Is 16442387173 a prime number?
False
Is 25486146563 a composite number?
True
Is 3539917 composite?
False
Is 4065982931 a composite number?
False
Is 1054842001 composite?
False
Is 7555976803 a prime number?
True
Is 5989047307 prime?
True
Is 1359243707 prime?
True
Is 108273805 composite?
True
Is 2651617627 a composite number?
True
Is 1150362143 prime?
False
Is 35245539263 a composite number?
True
Is 149466959 a prime number?
True
Is 4597619743 a prime number?
False
Is 153628831739 a composite number?
True
Is 72370294883 composite?
True
Is 1254340027 prime?
True
Is 23769625487 composite?
False
Is 15862715797 a composite number?
False
Is 1911459245 composite?
True
Is 145158833669 a prime number?
True
Is 1959671209 a prime number?
False
Is 22432113527 a composite number?
True
Is 6101061119 a prime number?
False
Is 367277665 prime?
False
Is 148509681769 a composite number?
True
Is 94916833469 a prime number?
True
Is 36154515727 a prime number?
False
Is 5233